e 7, what is 44656 - -5?
44664
In base 6, what is 234 + 42532?
43210
In base 14, what is -85 - -102?
5b
In base 15, what is -1ca4 - -2?
-1ca2
In base 14, what is -18d52 + -a?
-18d5c
In base 7, what is -504511 - 4?
-504515
In base 15, what is -89537 - -6?
-89531
In base 10, what is 0 - -1400?
1400
In base 16, what is 1b + -f43f?
-f424
In base 10, what is 1 + 69593?
69594
In base 13, what is -5 - 26c18?
-26c20
In base 13, what is -2acc16 - -1?
-2acc15
In base 4, what is -21 + -10103300?
-10103321
In base 16, what is a + a28?
a32
In base 4, what is 13110100 - 203?
13103231
In base 12, what is 61 + 362?
403
In base 14, what is -19 - -8b99b?
8b982
In base 5, what is 24144 + -10?
24134
In base 9, what is -4 + -646247?
-646252
In base 3, what is -112 + 2220021?
2212202
In base 4, what is 113 - -1332002?
1332121
In base 12, what is 3 + 62487?
6248a
In base 14, what is 0 - -36364a?
36364a
In base 6, what is 145 - 20524?
-20335
In base 11, what is 2525 + -33?
24a2
In base 11, what is 4 - -1608a?
16093
In base 5, what is 130101023 - -1?
130101024
In base 4, what is -301 - 21002?
-21303
In base 5, what is 113420012 + 1?
113420013
In base 10, what is -166 + -143?
-309
In base 3, what is -20210211 + 222102?
-12211102
In base 6, what is -120424412 + -5?
-120424421
In base 15, what is -44b2 - 3?
-44b5
In base 4, what is 1233 + 3322?
11221
In base 9, what is 2 - -585733?
585735
In base 8, what is -13 - 5061?
-5074
In base 16, what is 7aa + 1a?
7c4
In base 9, what is 18320 + -1?
18318
In base 6, what is 132135 - -22?
132201
In base 13, what is -5 + 22ca7?
22ca2
In base 8, what is -13725 - 2?
-13727
In base 11, what is 68251 - -5?
68256
In base 8, what is 2 - 55103?
-55101
In base 4, what is -10310 - 300?
-11210
In base 10, what is -41 + 25071?
25030
In base 10, what is -326357 - 5?
-326362
In base 6, what is 21 - 20312?
-20251
In base 3, what is 11 + 102110211022?
102110211110
In base 11, what is 124571 + 3?
124574
In base 10, what is 4072 + -351?
3721
In base 5, what is -11020 - 4323?
-20343
In base 8, what is 5254 + 345?
5621
In base 9, what is 3613560 - -3?
3613563
In base 7, what is -4006 - -4?
-4002
In base 13, what is ba - 3b8b?
-3aa1
In base 2, what is 1000 - -1000000101101100?
1000000101110100
In base 7, what is 245206 - -51?
245260
In base 9, what is 40 + -7462?
-7422
In base 3, what is -1221120211222 - 11?
-1221120212010
In base 13, what is 4 + -1c465b?
-1c4657
In base 12, what is 5 + -13147?
-13142
In base 8, what is -11 - -1022?
1011
In base 6, what is 20333 + -1041?
15252
In base 5, what is 1 - -144334?
144340
In base 9, what is 1 + 22777?
22778
In base 2, what is 111110010 - -10100001100?
11011111110
In base 10, what is 2 + 1809?
1811
In base 12, what is -91ba4 + -8?
-91bb0
In base 15, what is -1 - -1470?
146e
In base 5, what is -4 - -103140113?
103140104
In base 3, what is -2012 + -11202111?
-11211200
In base 10, what is 270 - 132?
138
In base 10, what is 2261 + 91?
2352
In base 16, what is 734c + 1b?
7367
In base 4, what is -331212 + 1223?
-323323
In base 3, what is 101022000 + -11001?
101010222
In base 6, what is -3 + -30114?
-30121
In base 16, what is 8d8e2 - -5?
8d8e7
In base 11, what is -510 - 991?
-13a1
In base 11, what is 20 + 42a56?
42a76
In base 8, what is -163 + 3405?
3222
In base 9, what is 2268 - -30?
2308
In base 10, what is 384 + -3122?
-2738
In base 8, what is 6230 - 214?
6014
In base 5, what is 31 + 14244?
14330
In base 7, what is -1 - 32136?
-32140
In base 9, what is -281 + 154?
-126
In base 15, what is 217 - 2a?
1dc
In base 14, what is 364 + -1a?
348
In base 4, what is -31 + -1311233?
-1311330
In base 3, what is 10201220220 + 11?
10201221001
In base 15, what is 5bcb6 + 5?
5bcbb
In base 11, what is -136 - -43?
-a3
In base 6, what is -331 - 142412?
-143143
In base 2, what is -11111111110111 + 1111100?
-11111101111011
In base 2, what is -11 + -1111100000010000?
-1111100000010011
In base 5, what is -10 + 11331120?
11331110
In base 3, what is -2202220101 + -2210?
-2210000011
In base 14, what is 1 - 12b6c3?
-12b6c2
In base 2, what is -100011000001111100 + 0?
-100011000001111100
In base 6, what is 1124 - -31040?
32204
In base 3, what is -222011122 + 2201?
-222001221
In base 9, what is -3 + 38512?
38508
In base 9, what is 156 + -7613?
-7446
In base 4, what is -11 - 1211230?
-1211301
In base 6, what is -244 + -1345?
-2033
In base 3, what is -2012111 - 10211?
-2100022
In base 16, what is -9c - 169?
-205
In base 11, what is -350 + 120?
-230
In base 15, what is -4bc - 16d?
-63a
In base 4, what is -10222100231 - -1?
-10222100230
In base 11, what is -17419 - 5?
-17423
In base 6, what is 4 + -550451?
-550443
In base 4, what is 3131021313 - 2?
3131021311
In base 9, what is -20158 + -8?
-20167
In base 6, what is -11 + -550042?
-550053
In base 8, what is -1525 - 154?
-1701
In base 8, what is 104724 + -1?
104723
In base 9, what is 427 + -2?
425
In base 2, what is -101 + 100001111010001?
100001111001100
In base 8, what is -3 + -33461?
-33464
In base 12, what is -10486 - -5?
-10481
In base 11, what is 151828 - -2?
15182a
In base 7, what is -466522 - 10?
-466532
In base 10, what is 0 - 36927?
-36927
In base 10, what is 6038 - 73?
5965
In base 7, what is -611 + 45460?
44546
In base 9, what is 26037 - 142?
25785
In base 11, what is 202a4 - 0?
202a4
In base 2, what is -110110010 - 10001110?
-1001000000
In base 12, what is 21b5 - 86?
212b
In base 6, what is 21104 + -315?
20345
In base 10, what is -2493372 + -3?
-2493375
In base 8, what is 5 - -142317?
142324
In base 9, what is 374846 - -1?
374847
In base 10, what is 3 - -513490?
513493
In base 8, what is -1000 - -66?
-712
In base 2, what is -10000011011 - -10000001110?
-1101
In base 3, what is -2021 - -101020?
21222
In base 6, what is 4 + -4250313?
-4250305
In base 2, what is -1 + 1100110000000101?
1100110000000100
In base 11, what is -11a7 - -906?
-3a1
In base 5, what is -1113414 - 4?
-1113423
In base 15, what is b9b21 + 4?
b9b25
In base 11, what is -77aa - 381?
-8080
In base 10, what is -2272 + 11?
-2261
In base 12, what is 1184 + -114?
1070
In base 4, what is -23313321 + -100?
-23320021
In base 9, what is -2 - 45051?
-45053
In base 12, what is 3 - 85b65?
-85b62
In base 4, what is 120 + -120311?
-120131
In base 8, what is -13166 + 214?
-12752
In base 3, what is -212002 - -1222?
-210010
In base 5, what is -1031 + 4222?
3141
In base 16, what is 223 + 24?
247
In base 7, what is -1543 + -161?
-2034
In base 2, what is 1001101101001 - 10?
1001101100111
In base 11, what is 6562 - -16?
6578
In base 13, what is 276 - -1614?
188a
In base 14, what is 2a83 + 12?
2a95
In base 13, what is -37 + -9b2?
-a19
In base 12, what is -1333a3 + -2?
-1333a5
In base 8, what is -1533320 + 6?
-1533312
In base 9, what is -231648 - 0?
-231648
In base 11, what is 2 - -1251?
1253
In base 2, what is -1000000 + -111111101101111?
-111111110101111
In base 8, what is 144 + -45163?
-45017
In base 7, what is 4 - 24530?
-24523
In base 7, what is 6040335 - -3?
6040341
In base 15, what is 203a - 1?
2039
In base 13, what is -1162c - 3?
-11632
In base 4, what is 211322 - 10023?
201233
In base 15, what is 1840b + -3?
18408
In base 11, what is -7 + 25204?
251a8
In base 3, what is -222 - -20012?
12020
In base 5, what is 140122 - -3?
140130
In base 11, what is 193713 - -20?
193733
In base 2, what is -100 - 101011110000?
-101011110100
In base 15, what is -659b + -a1?
-664c
In base 5, what is -43130 - -224?
-42401
In base 16, what is -10d4f4 + -1?
-10d4f5
In base 16, what is 184b - 1?
184a
In base 11, what is -7597 + 115?
-7482
In base 5, what is -121043 - 3121?
-124214
In base 13, what is 5cbc4 + -1?
5cbc3
In base 12, what is 436588 + 0?
436588
In base 12, what is 41 + 290a?
294b
In base 12, what is 10 - 8a333?
-8a323
In base 4, what is -1 - 1002220020?
-1002220021
In base 3, what is 2011 - -11111120?
11120201
In base 12, what is 16 + b28?
b42
In base 8, what is 1563 - 223?
1340
In base 5, what is 10141142 - 114?
10141023
In base 8, what is 563313 + 0?
563313
In base 2, what is 111101 - 10101101000000110?
-10101100111001001
In base 12, what is -1497 + -487?
-1962
In base 8, what is -2 + 15601?
15577
In base 16, what is -2 - -13e130?
13e12e
In base 7, what is 1165450 - -4?
1165454
In base 5, what is 43 + 322?
420
In base 11, what is -77a - -9?
-7